{"id":2492,"date":"2022-10-30T19:47:17","date_gmt":"2022-10-30T18:47:17","guid":{"rendered":"https:\/\/yuso.brussels\/?post_type=product&#038;p=2492"},"modified":"2026-01-19T19:11:23","modified_gmt":"2026-01-19T18:11:23","slug":"echarpe-en-laine-mohair-noir-beige","status":"publish","type":"product","link":"https:\/\/yuso.brussels\/fr\/produit\/echarpe-en-laine-mohair-noir-beige\/","title":{"rendered":"Ch\u00e2le laine noir tweed"},"content":{"rendered":"","protected":false},"excerpt":{"rendered":"<p>Un ch\u00e2le long et large \u00e0 la fois pour se prot\u00e9ger des grands froids.<\/p>\n","protected":false},"featured_media":2518,"template":"","meta":[],"product_cat":[19],"product_tag":[28],"class_list":["post-2492","product","type-product","status-publish","has-post-thumbnail","hentry","product_cat-accessories","product_tag-femmes"],"acf":[],"yoast_head":"<!-- This site is optimized with the Yoast SEO plugin v27.4 - https:\/\/yoast.com\/product\/yoast-seo-wordpress\/ -->\n<title>Ch\u00e2le laine noir tweed - Yuso<\/title>\n<meta name=\"robots\" content=\"index, follow, max-snippet:-1, max-image-preview:large, max-video-preview:-1\" \/>\n<link rel=\"canonical\" href=\"https:\/\/yuso.brussels\/fr\/produit\/echarpe-en-laine-mohair-noir-beige\/\" \/>\n<meta property=\"og:locale\" content=\"fr_FR\" \/>\n<meta property=\"og:type\" content=\"article\" \/>\n<meta property=\"og:title\" content=\"Ch\u00e2le laine noir tweed - Yuso\" \/>\n<meta property=\"og:description\" content=\"Un ch\u00e2le long et large \u00e0 la fois pour se prot\u00e9ger des grands froids.\" \/>\n<meta property=\"og:url\" content=\"https:\/\/yuso.brussels\/fr\/produit\/echarpe-en-laine-mohair-noir-beige\/\" \/>\n<meta property=\"og:site_name\" content=\"Yuso\" \/>\n<meta property=\"article:modified_time\" content=\"2026-01-19T18:11:23+00:00\" \/>\n<meta property=\"og:image\" content=\"https:\/\/yuso.brussels\/wp-content\/uploads\/2022\/10\/YUSO-Black-Shawl-e1667325731932.png\" \/>\n\t<meta property=\"og:image:width\" content=\"800\" \/>\n\t<meta property=\"og:image:height\" content=\"800\" \/>\n\t<meta property=\"og:image:type\" content=\"image\/png\" \/>\n<meta name=\"twitter:card\" content=\"summary_large_image\" \/>\n<meta name=\"twitter:label1\" content=\"Dur\u00e9e de lecture estim\u00e9e\" \/>\n\t<meta name=\"twitter:data1\" content=\"1 minute\" \/>\n<script type=\"application\/ld+json\" class=\"yoast-schema-graph\">{\"@context\":\"https:\\\/\\\/schema.org\",\"@graph\":[{\"@type\":\"WebPage\",\"@id\":\"https:\\\/\\\/yuso.brussels\\\/fr\\\/produit\\\/echarpe-en-laine-mohair-noir-beige\\\/\",\"url\":\"https:\\\/\\\/yuso.brussels\\\/fr\\\/produit\\\/echarpe-en-laine-mohair-noir-beige\\\/\",\"name\":\"Ch\u00e2le laine noir tweed - Yuso\",\"isPartOf\":{\"@id\":\"https:\\\/\\\/yuso.brussels\\\/fr\\\/#website\"},\"primaryImageOfPage\":{\"@id\":\"https:\\\/\\\/yuso.brussels\\\/fr\\\/produit\\\/echarpe-en-laine-mohair-noir-beige\\\/#primaryimage\"},\"image\":{\"@id\":\"https:\\\/\\\/yuso.brussels\\\/fr\\\/produit\\\/echarpe-en-laine-mohair-noir-beige\\\/#primaryimage\"},\"thumbnailUrl\":\"https:\\\/\\\/yuso.brussels\\\/wp-content\\\/uploads\\\/2022\\\/10\\\/YUSO-Black-Shawl-e1667325731932.png\",\"datePublished\":\"2022-10-30T18:47:17+00:00\",\"dateModified\":\"2026-01-19T18:11:23+00:00\",\"breadcrumb\":{\"@id\":\"https:\\\/\\\/yuso.brussels\\\/fr\\\/produit\\\/echarpe-en-laine-mohair-noir-beige\\\/#breadcrumb\"},\"inLanguage\":\"fr-FR\",\"potentialAction\":[{\"@type\":\"ReadAction\",\"target\":[\"https:\\\/\\\/yuso.brussels\\\/fr\\\/produit\\\/echarpe-en-laine-mohair-noir-beige\\\/\"]}]},{\"@type\":\"ImageObject\",\"inLanguage\":\"fr-FR\",\"@id\":\"https:\\\/\\\/yuso.brussels\\\/fr\\\/produit\\\/echarpe-en-laine-mohair-noir-beige\\\/#primaryimage\",\"url\":\"https:\\\/\\\/yuso.brussels\\\/wp-content\\\/uploads\\\/2022\\\/10\\\/YUSO-Black-Shawl-e1667325731932.png\",\"contentUrl\":\"https:\\\/\\\/yuso.brussels\\\/wp-content\\\/uploads\\\/2022\\\/10\\\/YUSO-Black-Shawl-e1667325731932.png\",\"width\":800,\"height\":800},{\"@type\":\"BreadcrumbList\",\"@id\":\"https:\\\/\\\/yuso.brussels\\\/fr\\\/produit\\\/echarpe-en-laine-mohair-noir-beige\\\/#breadcrumb\",\"itemListElement\":[{\"@type\":\"ListItem\",\"position\":1,\"name\":\"Accueil\",\"item\":\"https:\\\/\\\/yuso.brussels\\\/fr\\\/\"},{\"@type\":\"ListItem\",\"position\":2,\"name\":\"Boutique\",\"item\":\"https:\\\/\\\/yuso.brussels\\\/fr\\\/boutique\\\/\"},{\"@type\":\"ListItem\",\"position\":3,\"name\":\"Ch\u00e2le laine noir tweed\"}]},{\"@type\":\"WebSite\",\"@id\":\"https:\\\/\\\/yuso.brussels\\\/fr\\\/#website\",\"url\":\"https:\\\/\\\/yuso.brussels\\\/fr\\\/\",\"name\":\"Yuso\",\"description\":\"Sacs \u00e0 main de luxe, fabriqu\u00e9s en Belgique, respectueux de l&#039;artisanat et de l&#039;environnement et de ses ressources.\",\"publisher\":{\"@id\":\"https:\\\/\\\/yuso.brussels\\\/fr\\\/#organization\"},\"potentialAction\":[{\"@type\":\"SearchAction\",\"target\":{\"@type\":\"EntryPoint\",\"urlTemplate\":\"https:\\\/\\\/yuso.brussels\\\/fr\\\/?s={search_term_string}\"},\"query-input\":{\"@type\":\"PropertyValueSpecification\",\"valueRequired\":true,\"valueName\":\"search_term_string\"}}],\"inLanguage\":\"fr-FR\"},{\"@type\":\"Organization\",\"@id\":\"https:\\\/\\\/yuso.brussels\\\/fr\\\/#organization\",\"name\":\"Yuso\",\"url\":\"https:\\\/\\\/yuso.brussels\\\/fr\\\/\",\"logo\":{\"@type\":\"ImageObject\",\"inLanguage\":\"fr-FR\",\"@id\":\"https:\\\/\\\/yuso.brussels\\\/fr\\\/#\\\/schema\\\/logo\\\/image\\\/\",\"url\":\"https:\\\/\\\/yuso.brussels\\\/wp-content\\\/uploads\\\/2021\\\/03\\\/yuso-logo-dark.svg\",\"contentUrl\":\"https:\\\/\\\/yuso.brussels\\\/wp-content\\\/uploads\\\/2021\\\/03\\\/yuso-logo-dark.svg\",\"width\":291,\"height\":246,\"caption\":\"Yuso\"},\"image\":{\"@id\":\"https:\\\/\\\/yuso.brussels\\\/fr\\\/#\\\/schema\\\/logo\\\/image\\\/\"}}]}<\/script>\n<!-- \/ Yoast SEO plugin. -->","yoast_head_json":{"title":"Ch\u00e2le laine noir tweed - Yuso","robots":{"index":"index","follow":"follow","max-snippet":"max-snippet:-1","max-image-preview":"max-image-preview:large","max-video-preview":"max-video-preview:-1"},"canonical":"https:\/\/yuso.brussels\/fr\/produit\/echarpe-en-laine-mohair-noir-beige\/","og_locale":"fr_FR","og_type":"article","og_title":"Ch\u00e2le laine noir tweed - Yuso","og_description":"Un ch\u00e2le long et large \u00e0 la fois pour se prot\u00e9ger des grands froids.","og_url":"https:\/\/yuso.brussels\/fr\/produit\/echarpe-en-laine-mohair-noir-beige\/","og_site_name":"Yuso","article_modified_time":"2026-01-19T18:11:23+00:00","og_image":[{"width":800,"height":800,"url":"https:\/\/yuso.brussels\/wp-content\/uploads\/2022\/10\/YUSO-Black-Shawl-e1667325731932.png","type":"image\/png"}],"twitter_card":"summary_large_image","twitter_misc":{"Dur\u00e9e de lecture estim\u00e9e":"1 minute"},"schema":{"@context":"https:\/\/schema.org","@graph":[{"@type":"WebPage","@id":"https:\/\/yuso.brussels\/fr\/produit\/echarpe-en-laine-mohair-noir-beige\/","url":"https:\/\/yuso.brussels\/fr\/produit\/echarpe-en-laine-mohair-noir-beige\/","name":"Ch\u00e2le laine noir tweed - Yuso","isPartOf":{"@id":"https:\/\/yuso.brussels\/fr\/#website"},"primaryImageOfPage":{"@id":"https:\/\/yuso.brussels\/fr\/produit\/echarpe-en-laine-mohair-noir-beige\/#primaryimage"},"image":{"@id":"https:\/\/yuso.brussels\/fr\/produit\/echarpe-en-laine-mohair-noir-beige\/#primaryimage"},"thumbnailUrl":"https:\/\/yuso.brussels\/wp-content\/uploads\/2022\/10\/YUSO-Black-Shawl-e1667325731932.png","datePublished":"2022-10-30T18:47:17+00:00","dateModified":"2026-01-19T18:11:23+00:00","breadcrumb":{"@id":"https:\/\/yuso.brussels\/fr\/produit\/echarpe-en-laine-mohair-noir-beige\/#breadcrumb"},"inLanguage":"fr-FR","potentialAction":[{"@type":"ReadAction","target":["https:\/\/yuso.brussels\/fr\/produit\/echarpe-en-laine-mohair-noir-beige\/"]}]},{"@type":"ImageObject","inLanguage":"fr-FR","@id":"https:\/\/yuso.brussels\/fr\/produit\/echarpe-en-laine-mohair-noir-beige\/#primaryimage","url":"https:\/\/yuso.brussels\/wp-content\/uploads\/2022\/10\/YUSO-Black-Shawl-e1667325731932.png","contentUrl":"https:\/\/yuso.brussels\/wp-content\/uploads\/2022\/10\/YUSO-Black-Shawl-e1667325731932.png","width":800,"height":800},{"@type":"BreadcrumbList","@id":"https:\/\/yuso.brussels\/fr\/produit\/echarpe-en-laine-mohair-noir-beige\/#breadcrumb","itemListElement":[{"@type":"ListItem","position":1,"name":"Accueil","item":"https:\/\/yuso.brussels\/fr\/"},{"@type":"ListItem","position":2,"name":"Boutique","item":"https:\/\/yuso.brussels\/fr\/boutique\/"},{"@type":"ListItem","position":3,"name":"Ch\u00e2le laine noir tweed"}]},{"@type":"WebSite","@id":"https:\/\/yuso.brussels\/fr\/#website","url":"https:\/\/yuso.brussels\/fr\/","name":"Yuso","description":"Sacs \u00e0 main de luxe, fabriqu\u00e9s en Belgique, respectueux de l&#039;artisanat et de l&#039;environnement et de ses ressources.","publisher":{"@id":"https:\/\/yuso.brussels\/fr\/#organization"},"potentialAction":[{"@type":"SearchAction","target":{"@type":"EntryPoint","urlTemplate":"https:\/\/yuso.brussels\/fr\/?s={search_term_string}"},"query-input":{"@type":"PropertyValueSpecification","valueRequired":true,"valueName":"search_term_string"}}],"inLanguage":"fr-FR"},{"@type":"Organization","@id":"https:\/\/yuso.brussels\/fr\/#organization","name":"Yuso","url":"https:\/\/yuso.brussels\/fr\/","logo":{"@type":"ImageObject","inLanguage":"fr-FR","@id":"https:\/\/yuso.brussels\/fr\/#\/schema\/logo\/image\/","url":"https:\/\/yuso.brussels\/wp-content\/uploads\/2021\/03\/yuso-logo-dark.svg","contentUrl":"https:\/\/yuso.brussels\/wp-content\/uploads\/2021\/03\/yuso-logo-dark.svg","width":291,"height":246,"caption":"Yuso"},"image":{"@id":"https:\/\/yuso.brussels\/fr\/#\/schema\/logo\/image\/"}}]}},"_links":{"self":[{"href":"https:\/\/yuso.brussels\/fr\/wp-json\/wp\/v2\/product\/2492","targetHints":{"allow":["GET"]}}],"collection":[{"href":"https:\/\/yuso.brussels\/fr\/wp-json\/wp\/v2\/product"}],"about":[{"href":"https:\/\/yuso.brussels\/fr\/wp-json\/wp\/v2\/types\/product"}],"wp:featuredmedia":[{"embeddable":true,"href":"https:\/\/yuso.brussels\/fr\/wp-json\/wp\/v2\/media\/2518"}],"wp:attachment":[{"href":"https:\/\/yuso.brussels\/fr\/wp-json\/wp\/v2\/media?parent=2492"}],"wp:term":[{"taxonomy":"product_cat","embeddable":true,"href":"https:\/\/yuso.brussels\/fr\/wp-json\/wp\/v2\/product_cat?post=2492"},{"taxonomy":"product_tag","embeddable":true,"href":"https:\/\/yuso.brussels\/fr\/wp-json\/wp\/v2\/product_tag?post=2492"}],"curies":[{"name":"wp","href":"https:\/\/api.w.org\/{rel}","templated":true}]}}

Châle laine noir tweed

<p>Un châle long et large à la fois pour se protéger des grands froids.</p>

<!-- This site is optimized with the Yoast SEO plugin v27.4 - https://yoast.com/product/yoast-seo-wordpress/ -->
<title>Châle laine noir tweed - Yuso</title>
<meta name="robots" content="index, follow, max-snippet:-1, max-image-preview:large, max-video-preview:-1" />
<link rel="canonical" href="https://yuso.brussels/fr/produit/echarpe-en-laine-mohair-noir-beige/" />
<meta property="og:locale" content="fr_FR" />
<meta property="og:type" content="article" />
<meta property="og:title" content="Châle laine noir tweed - Yuso" />
<meta property="og:description" content="Un châle long et large à la fois pour se protéger des grands froids." />
<meta property="og:url" content="https://yuso.brussels/fr/produit/echarpe-en-laine-mohair-noir-beige/" />
<meta property="og:site_name" content="Yuso" />
<meta property="article:modified_time" content="2026-01-19T18:11:23+00:00" />
<meta property="og:image" content="https://yuso.brussels/wp-content/uploads/2022/10/YUSO-Black-Shawl-e1667325731932.png" />
	<meta property="og:image:width" content="800" />
	<meta property="og:image:height" content="800" />
	<meta property="og:image:type" content="image/png" />
<meta name="twitter:card" content="summary_large_image" />
<meta name="twitter:label1" content="Durée de lecture estimée" />
	<meta name="twitter:data1" content="1 minute" />
<script type="application/ld+json" class="yoast-schema-graph">{"@context":"https:\/\/schema.org","@graph":[{"@type":"WebPage","@id":"https:\/\/yuso.brussels\/fr\/produit\/echarpe-en-laine-mohair-noir-beige\/","url":"https:\/\/yuso.brussels\/fr\/produit\/echarpe-en-laine-mohair-noir-beige\/","name":"Châle laine noir tweed - Yuso","isPartOf":{"@id":"https:\/\/yuso.brussels\/fr\/#website"},"primaryImageOfPage":{"@id":"https:\/\/yuso.brussels\/fr\/produit\/echarpe-en-laine-mohair-noir-beige\/#primaryimage"},"image":{"@id":"https:\/\/yuso.brussels\/fr\/produit\/echarpe-en-laine-mohair-noir-beige\/#primaryimage"},"thumbnailUrl":"https:\/\/yuso.brussels\/wp-content\/uploads\/2022\/10\/YUSO-Black-Shawl-e1667325731932.png","datePublished":"2022-10-30T18:47:17+00:00","dateModified":"2026-01-19T18:11:23+00:00","breadcrumb":{"@id":"https:\/\/yuso.brussels\/fr\/produit\/echarpe-en-laine-mohair-noir-beige\/#breadcrumb"},"inLanguage":"fr-FR","potentialAction":[{"@type":"ReadAction","target":["https:\/\/yuso.brussels\/fr\/produit\/echarpe-en-laine-mohair-noir-beige\/"]}]},{"@type":"ImageObject","inLanguage":"fr-FR","@id":"https:\/\/yuso.brussels\/fr\/produit\/echarpe-en-laine-mohair-noir-beige\/#primaryimage","url":"https:\/\/yuso.brussels\/wp-content\/uploads\/2022\/10\/YUSO-Black-Shawl-e1667325731932.png","contentUrl":"https:\/\/yuso.brussels\/wp-content\/uploads\/2022\/10\/YUSO-Black-Shawl-e1667325731932.png","width":800,"height":800},{"@type":"BreadcrumbList","@id":"https:\/\/yuso.brussels\/fr\/produit\/echarpe-en-laine-mohair-noir-beige\/#breadcrumb","itemListElement":[{"@type":"ListItem","position":1,"name":"Accueil","item":"https:\/\/yuso.brussels\/fr\/"},{"@type":"ListItem","position":2,"name":"Boutique","item":"https:\/\/yuso.brussels\/fr\/boutique\/"},{"@type":"ListItem","position":3,"name":"Châle laine noir tweed"}]},{"@type":"WebSite","@id":"https:\/\/yuso.brussels\/fr\/#website","url":"https:\/\/yuso.brussels\/fr\/","name":"Yuso","description":"Sacs à main de luxe, fabriqués en Belgique, respectueux de l&#039;artisanat et de l&#039;environnement et de ses ressources.","publisher":{"@id":"https:\/\/yuso.brussels\/fr\/#organization"},"potentialAction":[{"@type":"SearchAction","target":{"@type":"EntryPoint","urlTemplate":"https:\/\/yuso.brussels\/fr\/?s={search_term_string}"},"query-input":{"@type":"PropertyValueSpecification","valueRequired":true,"valueName":"search_term_string"}}],"inLanguage":"fr-FR"},{"@type":"Organization","@id":"https:\/\/yuso.brussels\/fr\/#organization","name":"Yuso","url":"https:\/\/yuso.brussels\/fr\/","logo":{"@type":"ImageObject","inLanguage":"fr-FR","@id":"https:\/\/yuso.brussels\/fr\/#\/schema\/logo\/image\/","url":"https:\/\/yuso.brussels\/wp-content\/uploads\/2021\/03\/yuso-logo-dark.svg","contentUrl":"https:\/\/yuso.brussels\/wp-content\/uploads\/2021\/03\/yuso-logo-dark.svg","width":291,"height":246,"caption":"Yuso"},"image":{"@id":"https:\/\/yuso.brussels\/fr\/#\/schema\/logo\/image\/"}}]}</script>
<!-- / Yoast SEO plugin. -->

Châle laine noir tweed - Yuso

Un châle long et large à la fois pour se protéger des grands froids.

Sacs à main de luxe, fabriqués en Belgique, respectueux de l&#039;artisanat et de l&#039;environnement et de ses ressources.
